8*b - 927. What is the remainder when g(-2) is divided by 40?
9
Suppose -203*r = -205*r - 5*v + 1006, -20 = 5*v. What is the remainder when r is divided by 66?
51
What is the remainder when 276 is divided by 129/5*(-120)/(-27) + (-2)/(-6)?
46
Suppose 9616*o - 9720*o + 4264 = 0. What is the remainder when 3604 is divided by o?
37
Let o = 116 + 18. Let w = o + -109. What is the remainder when 94 is divided by w?
19
Let f = 26 + 15. Suppose 10 = -2*x - y + 27, -f = -5*x - 4*y. What is the remainder when 62 is divided by x?
8
Let y = 132 - 72. Suppose -2*s + 222 = d - 119, -4*s + 685 = -d. What is the remainder when s is divided by y?
51
Suppose -169*f = -c - 172*f + 169, -2*c + 305 = -5*f. What is the remainder when c is divided by 48?
16
Suppose 3*g - 49 = x, x + 88 = -2*g + 129. Suppose 2*v = l - 53, 4*l - 2*l = -5*v + 88. Calculate the remainder when l is divided by g.
13
Suppose h + 66 = 148. What is the remainder when h is divided by 12?
10
Let c(o) = -95*o - 11871. What is the remainder when 36863 is divided by c(-129)?
383
Suppose 0 = -142*c - 11*c - 192571 + 574918. Calculate the remainder when c is divided by 2493.
6
Suppose -9648 - 251 = -19*p. Suppose 19*f - 220 = p. Suppose 5*c + 8 = 2*j - 0*j, c - 74 = -5*j. Calculate the remainder when f is divided by j.
11
Let b = 153 - 281. Let f = -106 - b. Calculate the remainder when 63 is divided by f.
19
Let o = 30599 - 29053. Calculate the remainder when o is divided by 1538.
8
Suppose -y + 210 = -4*q, 195 = y - 0*q - q. Let u = y - 58. Suppose -10*t + u = t. What is the remainder when 71 is divided by t?
11
Suppose -137*y - 400 = -132*y. Let l = y + 85. What is the remainder when l is divided by 5?
0
Suppose 209 - 1444 = -86*l + 21*l. Calculate the remainder when ((-8)/(-6)*-4 + 2)*-39 is divided by l.
16
Let n = 110 - 71. Suppose 0 = -2*x - 2. Let j = x + 15. What is the remainder when n is divided by j?
11
Suppose i - 4610 = -3*z, 3*i = 5*z - 4*z - 1520. Let u = -914 + z. Suppose u = 9*r - 126. Calculate the remainder when r is divided by 43.
40
Let l be ((-16)/40)/((-2)/(-40)). Let u = 14 - l. Let g(v) = -11*v**3 - 2*v**2 - 2*v + 2. What is the remainder when g(-2) is divided by u?
20
Let z be (-3 - (-164)/4) + -2. Let b(r) = -700 + r + 700 + z*r**3. Calculate the remainder when b(1) is divided by 13.
11
Let q = -215 - -227. Let h(s) = 29*s + 19. Calculate the remainder when h(q) is divided by 62.
57
Let v = -27 + 82. Let s = v + -29. Let t = 3058357 - 3058307. What is the remainder when t is divided by s?
24
Let m(s) = -67*s - 1112. What is the remainder when m(-28) is divided by 29?
10
Let j(f) = 2*f**2 + 4*f + 5. Let l be j(-6). Suppose 5*d - h - 94 = 0, -l - 43 = -5*d - h. Calculate the remainder when 186 is divided by d.
15
Suppose 3560 = 5*i - 2*s, -780*s + 779*s + 2136 = 3*i. Calculate the remainder when i is divided by 238.
236
Suppose 0 = p + 3, 4*p + 831 + 3161 = -4*g. Let t = 1769 + g. Calculate the remainder when -1 + -4 + 2 + t/18 is divided by 11.
7
Suppose -2*v - 2 = a - 7*v, -9 = -3*v. What is the remainder when a is divided by (1287/(-77) - -15)/((-27)/126)?
5
Suppose 0 = 4*h - 4*z - 2632, -11*h - 2*z + 898 = -6353. Calculate the remainder when h is divided by 30.
29
Let d(o) = -21*o**2 + 40*o**3 + 2*o - 38*o**3 + 6*o + 25. What is the remainder when 13 is divided by d(10)?
3
Let q be (-1196)/(-92) + (-1 - -1) + -5. Suppose -373 = q*d - 1613. What is the remainder when d is divided by 26?
25
Suppose -2*z + 0*x - 656 = -4*x, 3*z + 960 = -2*x. Let y = -217 - z. What is the remainder when y is divided by 32?
9
What is the remainder when (-1863)/(-21) + 1/(56/16) is divided by 42?
5
Let z be ((-49)/7 - -8) + -1 + 6. Suppose 3*q = x - 120, z*x - 4*x - q = 265. What is the remainder when x is divided by 17?
16
Let v(s) = 3*s**2 - 10*s - 19. Calculate the remainder when v(7) is divided by (-292)/(-32) - (-2)/(-16).
4
Let l be (4/5*5)/((-2)/6). What is the remainder when 283 is divided by 32 + (-5)/(15/l)?
31
Let w = 273 + -271. Suppose 2*r + w*r - 113 = 3*y, -r + 17 = 3*y. What is the remainder when r is divided by 11?
4
Suppose -33*m + 713 = -544 + 3. Let b = -189 - -332. What is the remainder when b is divided by m?
29
Suppose -4*m = -d - 2721, 4*d + 2181 = 2*m + 803. Let s = m + -665. Calculate the remainder when 122 is divided by s.
10
Suppose 2*j + 180 - 317 = -5*m, -3*j + 193 = -5*m. What is the remainder when 881 is divided by j?
23
What is the remainder when 419 is divided by -16*(330/48 - 7) - -8?
9
Let w(n) = 348*n - 7901. Calculate the remainder when w(27) is divided by 68.
67
Suppose 0 = -88*q + 87*q + 15. What is the remainder when 182 is divided by (q + -11)/(2/4)?
6
Let d(u) = 3*u**2 + 43*u + 22. Suppose -686*n + 84 = -692*n. What is the remainder when 469 is divided by d(n)?
5
Let q = -1789 - -3657. What is the remainder when q is divided by 36?
32
Suppose h = -3*h + 36. Let r(j) = j**2 - j + 10. Let p be r(6). Suppose -5*u + 195 = 5*w, p = u - 3*w - 11. What is the remainder when u is divided by h?
6
Calculate the remainder when -4 + (-15918)/(-112) - (-2)/(-16) is divided by 29.
22
Suppose -5*i = 4*v - 621, -251 = -2*i - v + 2*v. What is the remainder when i is divided by 25 + (-7 - (-12 - -27)) + 10?
8
Let z = -5616 + 5640. Calculate the remainder when 1583 is divided by z.
23
Let b be (-18)/(-3)*5*1. Suppose 3*v - 3*r + b = 0, 0 = 5*v + 5*r - 2*r + 34. Let a = v - -33. Calculate the remainder when 97 is divided by a.
22
Let h(s) = s**3 - 9*s**2 - 8*s - 12. Let b = -120 + 130. What is the remainder when 27 is divided by h(b)?
3
Let t be 7 - (-78 + (-42)/6). What is the remainder when (90 - t)*(1/1 + -48) is divided by 33?
28
What is the remainder when 1218 is divided by 6 - (43/(-86))/(2/84)?
3
Suppose -139*f + 137*f + 304 = 0. Suppose 0 = 4*c - 340 - f. Let b = 140 - c. Calculate the remainder when 48 is divided by b.
14
Suppose 0 = 17*k - 295 - 40 + 29. Let t = 3 + -5. Calculate the remainder when (14/t)/((-2)/10) is divided by k.
17
Suppose 0 = -c + 4, 8*d + c + 17 = 5*d. Let n(w) = -w**2 - 8*w + 7. Suppose -4*m + 0*m + 220 = 0. What is the remainder when m is divided by n(d)?
13
Let a be 68/306 + (-4)/18. Suppose 258 = 5*l + h, a = 2*l - 2*h - 35 - 73. What is the remainder when l is divided by 18?
16
Let l(i) = 2*i + 369. What is the remainder when l(60) is divided by 245?
244
Let s = -69 - -136. Let b = 29334 - 29068. Calculate the remainder when b is divided by s.
65
Suppose 0 = -4*t + 6*t - 208. What is the remainder when 610 is divided by t?
90
Suppose 8064 = 61*x - 4845 - 1426. What is the remainder when 2336 is divided by x?
221
Let m = 149 - 145. Suppose -3*q - o = -m*o - 1620, -3*q + 1596 = 3*o. What is the remainder when q is divided by 90?
86
Suppose -28 + 318 = 5*m + 5*h, -5*m - h = -270. Suppose 4*b - 2*f - m = -b, -13 = -b + f. Calculate the remainder when 60 is divided by b.
6
Suppose -3*u - 3*q = -8*u - 595, -q = 4*u + 459. Calculate the remainder when 32 is divided by -1*(u/10 - (-3)/5).
10
Suppose -19*h + 12*h = 385. Calculate the remainder when -6 + (5 - (h - 4)) is divided by 16.
10
Let g = -80 + 78. What is the remainder when 45 is divided by ((-280)/16 + 1)/(1/g)?
12
Suppose -2*j + 2*f + 1428 = 0, 2*j + 16*f - 1431 = 21*f. What is the remainder when j is divided by 34?
33
Let u = 1271 - 469. Calculate the remainder when u is divided by 23.
20
Calculate the remainder when 3257 is divided by 2/(-4*8/(-144)).
8
Let s(a) = 2*a - 8. Let r(m) = 2*m**2 + m + 3. Let p be r(2). Let c = 20 - p. What is the remainder when 19 is divided by s(c)?
1
Suppose 5*k - 5*u - 45 = 0, k - 69 = 2*u - 57. Calculate the remainder when 63 is divided by k.
3
Suppose 29*o - 586 - 2912 = 2128. Calculate the remainder when o is divided by 57.
23
Suppose -3*g - 20*r = -19*r - 6770, 0 = 3*g + 4*r - 6794. What is the remainder when g is divided by 9?
4
Calculate the remainder when ((-19440)/(-10))/(-18)*-5 is divided by 164.
48
Let a(d) = 13*d - 40. Suppose -2*z - z = -84. Suppose 7*t = 3*t + z. What is the remainder when a(t) is divided by 9?
6
Let n(h) be the third derivative of h**5/5 - h**4/8 - h**3/3 + h**2. Let w(s) = 15*s**2 - 41*s + 37. What is the remainder when w(5) is divided by n(-2)?
51
Let l(w) = -9*w**2 + 249*w + 112. What is the remainder when 8